). Let m = -18 - -27. What is the units digit of (-2 - 24/j)*m?
6
Let c = 276 - 111. Suppose -6*s + s + c = 0. Suppose -9 = 3*i - s. What is the units digit of i?
8
Suppose b = 5*b. What is the units digit of 14 + b - (-6 - -8)?
2
Suppose 2*x - 6 = 0, 3*q - 2*q = -2*x + 149. Suppose 0 = -4*c + 33 + q. Suppose -3*r = -4*h - 0*r + c, 2*h - 4*r - 32 = 0. What is the units digit of h?
8
Let m be 2 + 1 + -190 - 2. What is the units digit of 6/30 - m/5?
8
Let m(w) be the second derivative of -1/3*w**3 + 1/12*w**4 + 0 - w - w**2. What is the units digit of m(4)?
6
Suppose 3*v + 2*v - 40 = 0. Suppose z = -z + 14. Let a = v - z. What is the units digit of a?
1
What is the tens digit of (-14 - -24)*6/4?
1
Suppose 2*n = 5*n - 501. What is the hundreds digit of n?
1
Suppose -2*u - 3 + 31 = 0. Suppose -n - u = -3*n. Let f = n - 4. What is the units digit of f?
3
Let d(j) = j**2 + 7*j + 2. Suppose -3*x - 21 = -0. What is the units digit of d(x)?
2
Let k(j) = -9*j - 5. Let o be k(-8). Suppose 2*t - o = -5*y, -y = -t - 0*t - 19. Suppose -2*w + 12 = -3*u + 3, y = 4*w - 3*u. What is the units digit of w?
3
Suppose -2 - 6 = -4*z. What is the units digit of 1/2*4/z?
1
Suppose 3*k - 3*r + 156 = 6*k, -k - 4*r + 64 = 0. What is the tens digit of k?
4
Suppose 0 = m - 0*m + 1. What is the units digit of (m - 0)/(1/(-8))?
8
Suppose -19 = 5*o + 7*a - 5*a, -o + 3*a - 14 = 0. Let u = 10 + o. Suppose u = w - 7. What is the tens digit of w?
1
Let k(m) = m**3 - 5*m**2 - 8*m + 14. Let j be k(6). What is the tens digit of ((-130)/(-20))/(j/4)?
1
Let r(w) = -w - 3. Let g(y) = -2*y - 6. Let u(n) = -n**3 - 8*n**2 - 8*n - 4. Let i be u(-7). Let z(v) = i*g(v) - 7*r(v). What is the units digit of z(5)?
8
Suppose 5*k - 16 = k. Let w be (k/10)/(1/(-20)). What is the units digit of ((-4)/w)/(2/4)?
1
Suppose -11*g + 2568 = -83. What is the tens digit of g?
4
Let j = 14 + -9. Suppose k + f + 4*f = j, 0 = -2*k + 2*f + 10. What is the units digit of k?
5
Let h = -7 - -7. Suppose -4*y - 4*o = -0*o - 60, -4*y + 2*o + 60 = h. Let r = -2 + y. What is the units digit of r?
3
Suppose 4*x = -x. Let d(q) = -q**2 + q + 38. What is the units digit of d(x)?
8
Let n(a) = -a**2 + a. Let h be n(-3). What is the tens digit of 46 + (h + 4)/2?
4
Let k = -161 - -314. What is the units digit of k?
3
What is the tens digit of 5/(5/2) + 8?
1
Suppose -2*f + 83 = 5*m - 2*m, f - 5*m = 9. Suppose 3*j - 163 = -5*q, -f = -q + 4*j + 17. What is the tens digit of q?
3
Let y(s) = s - 3. Let u be y(6). Suppose -3*r + 20 = 4*o + o, -3*o + u = 0. What is the units digit of r?
5
Let o(y) = y**3 + 7*y**2 + 6*y - 3. Suppose -j - 20 = f + 2*j, 4*j = -5*f - 45. Let z be o(f). Let w = z - 9. What is the units digit of w?
8
Let r(c) be the first derivative of c**2/2 + 2*c + 2. What is the units digit of r(6)?
8
Let a(s) = s**2 + 13*s + 20. What is the units digit of a(-14)?
4
Suppose 4*n + 5 = 9*n. What is the tens digit of 840/10*n/2?
4
Suppose 2*q - 6 = v - 1, 4*q - 4*v - 12 = 0. Let d be (-1)/((-3)/(q - -1)). Let k = 2 - d. What is the units digit of k?
1
Let a(l) = 3*l**3 - 1. Let k be a(-1). Let f = k + 6. What is the units digit of f - (1 + 0 + -1)?
2
Suppose 5*j = -4*r, -r = 2*r + j. Suppose r*v = -4*v + 88. What is the units digit of v?
2
What is the tens digit of (1 + 22/10)*(-55)/(-2)?
8
Let f(z) = z. Let k be f(6). What is the tens digit of (k/(-8))/((-1)/44)?
3
Suppose 0 = 3*u + 2*u + 45. Let b be 2/u - 75/27. What is the units digit of 1/(b*(-3)/99)?
1
Suppose 2*m - 5*x = 12, m - 3*m = 5*x - 12. Suppose m*n - n = -10. What is the units digit of 10 + -1 + n + 0?
7
Let l be 14/(-3) + (-10)/(-15). Let j be l/3*(-12)/8. What is the units digit of -1 + -14*(-1)/j?
6
Let h(k) = k + 12. Let n be h(-6). What is the units digit of 7 + n*(-2)/4?
4
Suppose 2*k - 3 = o - 5, 2*k = 0. Suppose -212 = o*d - 6*d. What is the tens digit of d?
5
Suppose -h = -5 - 8. What is the units digit of h?
3
Suppose 4*c = 2*c + 48. What is the units digit of c?
4
Suppose -4*g = -2*z + 28, -2*g + 5*z - 53 + 23 = 0. Let r = -3 - g. What is the units digit of r?
2
Let f = -4 + 18. What is the units digit of f?
4
Let f(i) = 3*i**2 + 2*i - 1. Suppose w = 6*w - 10. Let d be ((-6)/9)/(w/(-3)). What is the units digit of f(d)?
4
What is the units digit of 5 + (-3 + 2 - -4)?
8
Let d(x) be the third derivative of 7*x**5/60 - x**4/8 - 2*x**3/3 - 9*x**2. What is the tens digit of d(3)?
5
What is the units digit of 1*-3 - (-28)/4?
4
Let d(a) be the second derivative of a**5/10 - a**4/4 + 2*a**3/3 - a**2 + a. Suppose 0 = 2*z + 2*z - 8. What is the units digit of d(z)?
0
What is the tens digit of (2 + -4)*-52 - 2?
0
Let s = -25 + 17. Let f(m) = -m - 1. What is the units digit of f(s)?
7
Let n = 16 - 13. Suppose -2*b + 6*b = -n*u + 103, -5*u + 47 = b. What is the tens digit of b?
2
Let x = -24 + 54. Suppose 5*n + w = x, -n + 2*w = 3*n - 10. What is the units digit of n?
5
Let v = 42 - 86. What is the units digit of 1/1*v/(-2)?
2
Let i be 80/14 + (-6)/(-21). Let j = i + 0. Let h(n) = -n**3 + 6*n**2 + 5. What is the units digit of h(j)?
5
Let v = -22 + 13. Let z(h) = h**2 + 7*h - 12. What is the units digit of z(v)?
6
Let m = 14 + -6. Let q(i) = -i + 17. Let v be q(m). What is the units digit of (-34)/(-9) - (-2)/v?
4
Suppose 2*q = -q + 63. Suppose -3*p = p + 60. Let t = p + q. What is the units digit of t?
6
Let r(j) = -61*j - 13. What is the tens digit of r(-5)?
9
Suppose 4*y - 7 = -4*r + 29, 3*r + 15 = 3*y. What is the units digit of y?
7
Let t(x) = x**3 + 11*x**2 - 11*x + 13. What is the units digit of t(-8)?
3
Let x be (-3)/(2/(-4) + 1). Let y be (-20)/15*x/4. Suppose 0*j + 22 = y*j. What is the tens digit of j?
1
Let i(t) = t + 2. Let v be i(3). Suppose -v*d + 24 = -71. What is the tens digit of d?
1
What is the units digit of 450/15*4/3?
0
Let q(g) = 4*g - 13. Suppose 3*u = 2*z + 3*z + 29, u = 3*z + 11. What is the tens digit of q(u)?
1
Let j = -7 - -10. Let m(t) = 4*t**2 - 3*t - 18*t**3 + 2 - 5*t**2 + 20*t**j. What is the units digit of m(2)?
8
Suppose -2*l - 102 = -3*s, 2*s - 3*s + 4*l + 24 = 0. What is the units digit of s?
6
Let v(l) = -l**2 - 8*l - 7. Let d be v(-6). Suppose 11 + d = 4*n. Suppose 2*b = -3*q + 20, -q + b + 35 = -n*b. What is the units digit of q?
0
Let m = -74 + 114. Let d = -9 + m. What is the tens digit of d?
3
What is the tens digit of -3 - (-87 + 4) - 4?
7
Let s = 1 + -4. Let m(l) = -l + 3. Let b be m(s). What is the units digit of 1/3 + 22/b?
4
Suppose 0 = 3*w - 6*w + 153. Suppose -33 = -2*b + w. What is the units digit of b?
2
Suppose 3*a + 1 = 2*l, 10*a - 25 = 5*a - 2*l. Suppose 0 = -4*b + 3*t + 186, 0*t - 5*t - 145 = -a*b. What is the tens digit of b?
4
Let n = -1 + 4. Let p be 6/2*1 - n. Suppose 5*a - 10 = p, 4*a + 0*a - 14 = -3*m. What is the units digit of m?
2
Suppose 4*g - 2*g - 58 = 0. Let v = -81 + 121. Let d = v - g. What is the units digit of d?
1
Suppose 3 = 4*p - 5. Suppose -5*q = -4*h - 78, 0*h = -2*q - p*h + 24. Suppose 4*m - 5 = u + 9, -3*m + q = u. What is the units digit of u?
2
Let p(z) = z + 7. Let q be p(-7). Suppose -4*c + 65 = l, 3*c - 2*l = -3*l + 49. Suppose q*s + 4*s - c = 0. What is the units digit of s?
4
Suppose k - 5*x = 2*k, 3*k - 3*x - 72 = 0. What is the units digit of k?
0
Suppose -c = -2*c + 122. What is the hundreds digit of c?
1
Let m(v) be the first derivative of v**2/2 + 20*v - 2. Let a be m(0). Suppose 4*w - a = 4. What is the units digit of w?
6
Let s be 3/6 + 3/2. Suppose 0 = -2*d + 4*d + 2. What is the units digit of (d + 0)/(s/(-18))?
9
Let h = -5 + 8. Suppose h*v + 15 = -0, 0 = -3*i + 5*v + 40. What is the units digit of i - (-2 - (-4 - -1))?
4
Let l = -26 + 28. Suppose -l*p = -3*y + 208 - 54, 4*p - 172 = -4*y. What is the units digit of y?
8
Suppose 0*h - h + 2 = 0. Suppose -4*s - 3 + 11 = d, -d - 10 = -h*s. Suppose -s*g + 3 + 3 = 0. What is the units digit of g?
2
Suppose -i = 4*y - 10, 6*y = y + 3*i + 4. What is the units digit of (1 - y)*(-2 - 3)?
5
Let h = 57 - 93. Let m = h + 55. What is the tens digit of m?
1
Suppose l = 4*p - 4*l - 54, -p - 5*l = -1. What is the units digit of (p + -9)/(4/78)?
9
Suppose 0 = -3*o - 4*j + 203 - 32, 0 = 2*o - 5*j - 91. What is the tens digit of o?
5
Suppose -34*c + 27*c = -385. What is the tens digit of c?
5
Let z(c) = c**2 - c - 6. Let u be 